lue of (-23 - -17) + (-6 - -51 - 1 - -3)?
41
What is 8 + 4 + (-26 - (-26 + 16 - 5))?
1
Evaluate (-9 - (-23 - -4)) + (-6 - 31) + 5 + -2.
-24
What is the value of -2 + 0 + -5 + (15 - (-8 + 19))?
-3
-4 - -6 - (6 - (33 + -8))
21
What is the value of (-7 - -2) + 89 + -2072 + 2054?
66
Evaluate -28 + (0 - 12) + 33 - -10.
3
Calculate (-121 - (9 + (21 - 21) - 21)) + 13 + -1.
-97
Calculate -26 - (30 - (0 + 35)) - -9.
-12
What is the value of -15 + -4 + -12 + 13 - -77?
59
Calculate 51 + -92 + 127 - 46.
40
What is -34 - (46 + -131) - 10?
41
What is -2 + 5 + 74 - (-29 + -32 - -29 - -30)?
79
Calculate 8 + (-50 - 9) + -7 + -11 + 17.
-52
What is -2 + 2 + -64 + (32 - 15) + -12?
-59
What is (-18 + 67 - 10) + -2?
37
What is the value of 122 - (3 + (159 - 56))?
16
-7 + -5 + 2 + -63 + 18
-55
What is 20 - (-4 + 41 - (326 - 315))?
-6
Calculate (420 - 407) + (-6 - -5) + -20.
-8
What is the value of -9 + (-9 - 6 - 9) - -11 - -10?
-12
What is -1 + -126 - (8581 - 8821)?
113
Evaluate (-2093 - -2092) + (-1 - (-14 - 0)) - -72.
84
-44 + 1 + -2 + (-808 - -826)
-27
Evaluate 46 - (-7 - -18 - 30 - -18) - 0.
47
-2 - -6 - (50 - (-8 - -12 - -2 - 6))
-46
What is the value of 73 + -8 + (31 - -12) + (1 - 15) + 2?
96
Evaluate 1124 + -1162 - (2 + -16).
-24
-61 - (-10 + -1 - (-207 - -202)) - -12
-43
Calculate 34 + (0 - -1) - (-3766 + 3853).
-52
-14 + -6 + 28 + -9 + (0 - 1 - 48)
-50
-13 + -8 + -1 + -6 + -24 + 27
-25
What is the value of -57 + 54 + 4 + 4?
5
What is 1225 - 1153 - (21 + -1)?
52
What is the value of -61 - ((-9 - (1 - 2)) + (411 - 409))?
-55
What is the value of 2193 + -2271 + (4 - -40)?
-34
What is (-10 - -1 - (294 + -300)) + -13 - 40?
-56
What is the value of -8 - (2 + -128 + 36 + 26)?
56
What is 10 + 2 + (10 - -8) - 63?
-33
Evaluate 2 - (2 + -35 + -17 + 20 + -16 + 21).
27
Evaluate 2 + -11 + -830 + 847.
8
What is -11 + -94 + 153 + -74?
-26
What is the value of 17 - ((-40 - -33 - 16) + 52)?
-12
Evaluate (-4 - (9 - ((-14 - -10) + 11))) + -16.
-22
What is the value of (4 - 7) + (0 - 5) - (8 - 11 - 53)?
48
What is -15 + (4 - 0 - (88 + -30 - 66))?
-3
(15 + -7 + 18 - 19) + -94
-87
What is the value of -134 + -2 + 788 + -760 + 23?
-85
Calculate -158 - -150 - ((3 - 7 - -5) + -4 + 49).
-54
(3588 - 3541) + -78 + 0
-31
-4 + 45 + 5 + 6 + -22
30
What is (-3 - -1 - -58 - (21 + -23 + 11)) + 10?
57
What is -137 + -25 - -69 - -81?
-12
What is (-243 - -99) + 179 - (-3 - -143)?
-105
What is the value of (-11 + 35 + -8 - 7) + 15 + -109?
-85
What is the value of -1 - (-22 + 4) - (-187 + 185)?
19
Calculate -5771 + 5782 - (-3 + -37 + 2 + 2).
47
Evaluate 47 + -43 + 4 + -59.
-51
44 + (-198 - (-44 - 53))
-57
Evaluate -40 + -12 + 2 + -1 + 25 + (-8 - 7).
-41
-71 + 134 + -55 + (1 - (1 + 44))
-36
Calculate -59 + (0 - (-15 + 24)) + -20 + 7.
-81
What is (-13 - -5 - -10) + -3 - 1 - (-1 - -133)?
-134
What is (-1 + -2 - 2) + (-15 + 18 + 30 - 1)?
27
What is the value of -53 - (99 - (-41 - -189))?
-4
-17 + 57 + -14 + -12 + 18
32
What is -50 + -17 - -49 - (0 + -112)?
94
What is the value of (21 - (16 + -16 + -93)) + -21?
93
Evaluate (-1 - 17) + 45 + (284 - 377).
-66
What is the value of 4 + 9 + (-134 + 98 - 43)?
-66
Calculate -33 - (33 - -102 - 113).
-55
Evaluate -45 + -1 + (-1 - -16) + 1 + -16 + 11.
-35
What is the value of -1 - -65 - (-4361 + 4403)?
22
Evaluate (-23 - 2) + (-91 - (-50 - -66)).
-132
What is -24 - 1 - (83 - 125 - -74)?
-57
What is the value of (-11 - (3 + -14)) + 12 - -17?
29
Evaluate 29 + (9 - 3 - (5 + (-6 - 5))) + -9.
32
Calculate 85 - (-116 - -206) - -73.
68
What is the value of -22 + (-18 - (-22 + (19 - 23)))?
-14
Evaluate -52 + -1 - (-7 + -61 - -59).
-44
What is the value of (-255 - -136) + -2 + 84?
-37
What is the value of (34 + -25 - -1) + (0 + 4 - (-22 + 34))?
2
What is the value of -13 - (25 + -83 - -18)?
27
What is the value of -3 + 1 - (0 - 1) - (-43 + (71 - -17))?
-46
What is -12 + 2 + 9 + (1 - 8 - 14)?
-22
-124 + (71 - 31) + -46 + 55
-75
What is the value of -3 + 125 - (-60 + 32 + 58)?
92
What is the value of 45 + -20 - (65 + -46)?
6
What is 18 + -2 + -4 + (-5 + -14 - (-7 - 109))?
109
-15 + 4 - 0 - ((7 - (6 - 0)) + 77)
-89
-88 + 14 + 11 + 7
-56
23 + (-21 - (-32 + 10))
24
Calculate (0 - 28) + -5182 + 5175.
-35
Evaluate -11 + (-7 - -8) + -10 + -20 + 1.
-39
Calculate (15 - 3) + 21 + -44 + 16 + 11.
16
What is 61 - (-5 + -28 + 0 + 17)?
77
(109 - 64) + 51 - 17
79
(7 - -3) + 16 + (42 - 7 - 7)
54
What is the value of 20 + (-8 - -23) + (-33 - -28)?
30
Evaluate (-42 + (-19 - -28) - -42) + 19 + 0.
28
What is the value of (-18 - (33 - 52)) + (-42 - 33)?
-74
What is 5 - (-14 - -18) - (41 + -49)?
9
Calculate -5 + 92 + 0 - (-31 - (0 - 15)).
103
What is the value of -42 + (99 - 2) + -106?
-51
Evaluate 9 + 7 - (129 + -109).
-4
What is -956 - -924 - (0 + -28)?
-4
What is -96 + -12 + (-6 - (-35 + 21)) + (-4 - 11)?
-115
Calculate -53 + (-2 + -1 - (-36 + 24) - -4).
-40
What is the value of -63 - -48 - (13 + -3 + -9)?
-16
Calculate -74 + 19 - -100 - -16.
61
What is -26 - (20 + -56 + 6)?
4
What is the value of -54 + (3 + (18 - (6 - -2)) - 7) + -2?
-50
(5 - -3 - (29 + -6 + -9 + 17)) + -1
-24
Calculate -12 + 1 + -1 + -196 + 203.
-5
What is the value of -41 + 19 + (30 - 31)?
-23
Calculate (21 - -1) + (-245 + 23 - -137).
-63
Evaluate (124 + -172 - (0 - 35)) + 108.
95
3899 + -3887 + (-31 - (1 + (2 - 0)))
-22
Evaluate (-1 - -171) + (7984 - 8036).
118
15 - 31 - -51 - 17 - 20
-2
Evaluate 78 + -29 + -57 - (49 - -2).
-59
What is (-3 - 108) + 524 + -458?
-45
Evaluate 71 + (-7 - 223) + 56.
-103
(-176 - -1) + (513 - 349)
-11
Calculate -18 + (114 - 6) + (4 - (-4 + (8 - -9))).
81
What is the value of -88 + 1 + (6 - -66) + -50?
-65
What is -69 - -118 - (64 + -27)?
12
(-17 - -3) + 5 + (-243 - -230) + (15 - 1)
-8
What is 20 + (-39 - (-57 - -11))?
27
What is the value of (-122 - -146) + (-5 - (0 - (0 + -5)))?
14
What is the value of (28 - 63) + 71 + -106?
-70
What is the value of -2 - 14 - (-49 - (-15 + 106))?
124
What is the value of (-3 - 1) + (-1 - (-22 + (7 - -4))) + 18?
24
Calculate (4 - (42 + -27)) + -6.
-17
What is 0 + 126 + (7975 - 8148)?
-47
-94 - -37 - -54 - (21 + 0)
-24
What is (12 - 50) + -27 + 4 + (5 - -2)?
-54
Evaluate -6 - ((-28 - (31 + -5)) + 17).
31
Evaluate 13 + (33 - (-6 + 17 + -11)).
46
What is -3 + 3 + 36 - ((-11 - 2) + 96 + -94)?
47
38 + (-23 + 38 - 47)
6
34 + -22 + 2 + -20 + (-40 - 14)
-60
-56 - (-67 + (-52 - -78))
-15
What is -29 + (18 - (45 + -13) - 25)?
-68
Calculate 174 + -176 + -23 + (-5 - -1).
-29
What is 28 + (6 - (-13 + 12 - -21))?
14
Calculate -23 - (15 - 37 - -7 - -13).
-21
Calculate -50 + (-24 + 27 - (8 - -1)) + 9.
-47
78 + 15 + (178 - 261)
10
92 - 86 - (-44 - (-6 - -15))
59
190 + -266 + 94 - (8 - 1)
11
What is the value of -39 - -32 - (-31 - -1) - (11 - (26 - 7))?
31
Evaluate 33 - (-26 + 67 + -25).
17
Evaluate 113 + (-66 - (28 + -89) - (1 + 1 + 7)).
99
Calculate -24 - (42 + (-32 - 12)).
-22
Evaluate 78 + -4 + -135 + 19.
-42
Calculate -124 - -114 - (159 - 58).
-111
Calculate 50 + (0 - (-9 + 5 + -3 - -10)).
47
Evaluate (-2 - (2 + 0 - (31 - (-29 + 55)))) + -51.
-50
Calculate (-69 - -78) + (1 - -43) - (18 + -5 - -2).
38
-8 + (0 - -14) + (-9 - 2 - (-23 - 77))
95
What is the value of -57 + -2 + 11 + 12 + (-20 - (-20 - -19))?
-55
Evaluate -1 - -14 - (123 + -22 + 3 + -19 + 18).
-90
671 - 726 - (-13 + -2 + 3)
-43
What is (127 - -9) + -7 + (83 - 113)?
99
1 - (22 - (14 - -9)) - ((0 - 5) + 2)
5
Evaluate 32 + 0 + -15 + (731 - 734).
14
What is 72 - (13 + -12 + (8 - 0))?
63
-79 + 1 + (-5 - ((-1 - 7) + 2))
-77
What is 97 + (191 - 209) + -11 + -4?
64
What is -20 + (28 - (3 + 1)) + -20?
-16
Evaluate -4 + 4 - 25 - (20 - (-19 - (-34 + -6))).
-24
(-25 - -3) + (-1602 - -1535) - (4 + 0)
-93
What is -10 + -3 + 1 + -1 + 205 + -125?
67
Evaluate -15 + (152 - 15 - 91).
31
What is the value of 44 + 44 + -82 - -11?
17
Calculate 3 + -8 + 11 + (3 + 5 + -2 - 81).
-69
Calculate -1 + -20 - (-118 + 68 - -27).
2
124 - (-143 + -83 + 203 + 12 + 0)
135
Calculate 11 - (5 + -3) - (35 + (-70 - -28)).
16
What is (-10 - (4 - 5)) + (21 - 92 - -70)?
-10
What is the value of 25 + (-42 - -19) + (53 + 5 - 5 - 2)?
53
Calculate 3 + (93 - (10 + -23 - (-9 - 0))).
100
(5 - (-25 - -82)) + 36
-16
What is -30 + (3 - 1) - (303 + -323) - -113?
105
Evaluate 17 - (14 - (-18 + 32 - 7)).
10
Calculate 69 + (-35 - -14 - 28).
20
Calculate (-6 - (-2 